{"id":571,"date":"2020-08-31T08:34:44","date_gmt":"2020-08-31T08:34:44","guid":{"rendered":"http:\/\/www.gimnasticna-zveza.si\/?page_id=571"},"modified":"2020-08-31T09:24:48","modified_gmt":"2020-08-31T09:24:48","slug":"poslanstvo-gzs","status":"publish","type":"page","link":"https:\/\/gimnasticna-zveza.si\/index.php\/poslanstvo-gzs\/","title":{"rendered":"Poslanstvo Gimnasti\u010dne zveze Slovenije"},"content":{"rendered":"\t\t<div data-elementor-type=\"wp-page\" data-elementor-id=\"571\" class=\"elementor elementor-571\" data-elementor-post-type=\"page\">\n\t\t\t\t\t\t<section class=\"elementor-section elementor-top-section elementor-element elementor-element-4b21c7f elementor-section-boxed elementor-section-height-default elementor-section-height-default\" data-id=\"4b21c7f\" data-element_type=\"section\" data-e-type=\"section\">\n\t\t\t\t\t\t<div class=\"elementor-container elementor-column-gap-default\">\n\t\t\t\t\t<div class=\"elementor-column elementor-col-100 elementor-top-column elementor-element elementor-element-cc24a94\" data-id=\"cc24a94\" data-element_type=\"column\" data-e-type=\"column\">\n\t\t\t<div class=\"elementor-widget-wrap elementor-element-populated\">\n\t\t\t\t\t\t<div class=\"elementor-element elementor-element-887e6a1 elementor-widget elementor-widget-spacer\" data-id=\"887e6a1\" data-element_type=\"widget\" data-e-type=\"widget\" data-widget_type=\"spacer.default\">\n\t\t\t\t<div class=\"elementor-widget-container\">\n\t\t\t\t\t\t\t<div class=\"elementor-spacer\">\n\t\t\t<div class=\"elementor-spacer-inner\"><\/div>\n\t\t<\/div>\n\t\t\t\t\t\t<\/div>\n\t\t\t\t<\/div>\n\t\t\t\t\t<\/div>\n\t\t<\/div>\n\t\t\t\t\t<\/div>\n\t\t<\/section>\n\t\t\t\t<section class=\"elementor-section elementor-top-section elementor-element elementor-element-cc686af elementor-section-boxed elementor-section-height-default elementor-section-height-default\" data-id=\"cc686af\" data-element_type=\"section\" data-e-type=\"section\">\n\t\t\t\t\t\t<div class=\"elementor-container elementor-column-gap-default\">\n\t\t\t\t\t<div class=\"elementor-column elementor-col-100 elementor-top-column elementor-element elementor-element-d759eea\" data-id=\"d759eea\" data-element_type=\"column\" data-e-type=\"column\">\n\t\t\t<div class=\"elementor-widget-wrap elementor-element-populated\">\n\t\t\t\t\t\t<div class=\"elementor-element elementor-element-63067d3 elementor-widget elementor-widget-text-editor\" data-id=\"63067d3\" data-element_type=\"widget\" data-e-type=\"widget\" data-widget_type=\"text-editor.default\">\n\t\t\t\t<div class=\"elementor-widget-container\">\n\t\t\t\t\t\t\t\t\t<p>Osnovno <b>poslanstvo <\/b>Gimnasti\u010dne zveze Slovenije je zagotavljanje strokovnih, organizacijskih, materialnih, finan\u010dnih, kadrovskih in drugih pogojev za razvoj gimnasti\u010dnega \u0161porta v Republiki Sloveniji, vsestranska skrb za celostni razvoj \u0161portnikov, reprezentantov republike Slovenije ter zagotavljanje podpore za rast in razvoj osnovnih organizacij, \u010dlanic Gimnasti\u010dne zveze Slovenije.<\/p><p><b>Vizija <\/b>Gimnasti\u010dne zveze Slovenije je postati nacionalna pano\u017ena \u0161portna zveza (NP\u0160Z) vsestransko zadovoljnih, preskrbljenih in uspe\u0161nih \u0161portnic in \u0161portnikov ter uspe\u0161nih \u010dlanic (dru\u0161tev in klubov). S svojim delovanjem bo ustvarjala vsestranske pogoje za doseganje \u0161portne in poslovne odli\u010dnosti.<\/p>\t\t\t\t\t\t\t\t<\/div>\n\t\t\t\t<\/div>\n\t\t\t\t\t<\/div>\n\t\t<\/div>\n\t\t\t\t\t<\/div>\n\t\t<\/section>\n\t\t\t\t<\/div>\n\t\t","protected":false},"excerpt":{"rendered":"<p>Osnovno poslanstvo Gimnasti\u010dne zveze Slovenije je zagotavljanje strokovnih, organizacijskih, materialnih,<span class=\"excerpt-hellip\"> [\u2026]<\/span><\/p>\n","protected":false},"author":3,"featured_media":0,"parent":0,"menu_order":0,"comment_status":"closed","ping_status":"closed","template":"","meta":{"_monsterinsights_skip_tracking":false,"_monsterinsights_sitenote_active":false,"_monsterinsights_sitenote_note":"","_monsterinsights_sitenote_category":0,"footnotes":""},"class_list":["post-571","page","type-page","status-publish","hentry"],"_links":{"self":[{"href":"https:\/\/gimnasticna-zveza.si\/index.php\/wp-json\/wp\/v2\/pages\/571","targetHints":{"allow":["GET"]}}],"collection":[{"href":"https:\/\/gimnasticna-zveza.si\/index.php\/wp-json\/wp\/v2\/pages"}],"about":[{"href":"https:\/\/gimnasticna-zveza.si\/index.php\/wp-json\/wp\/v2\/types\/page"}],"author":[{"embeddable":true,"href":"https:\/\/gimnasticna-zveza.si\/index.php\/wp-json\/wp\/v2\/users\/3"}],"replies":[{"embeddable":true,"href":"https:\/\/gimnasticna-zveza.si\/index.php\/wp-json\/wp\/v2\/comments?post=571"}],"version-history":[{"count":3,"href":"https:\/\/gimnasticna-zveza.si\/index.php\/wp-json\/wp\/v2\/pages\/571\/revisions"}],"predecessor-version":[{"id":580,"href":"https:\/\/gimnasticna-zveza.si\/index.php\/wp-json\/wp\/v2\/pages\/571\/revisions\/580"}],"wp:attachment":[{"href":"https:\/\/gimnasticna-zveza.si\/index.php\/wp-json\/wp\/v2\/media?parent=571"}],"curies":[{"name":"wp","href":"https:\/\/api.w.org\/{rel}","templated":true}]}}