{"id":448,"date":"2020-08-29T13:40:23","date_gmt":"2020-08-29T13:40:23","guid":{"rendered":"http:\/\/www.gimnasticna-zveza.si\/?page_id=448"},"modified":"2026-04-01T19:08:37","modified_gmt":"2026-04-01T17:08:37","slug":"akti-gimnasticne-zveze-slovenije","status":"publish","type":"page","link":"https:\/\/gimnasticna-zveza.si\/index.php\/akti-gimnasticne-zveze-slovenije\/","title":{"rendered":"Akti Gimnasti\u010dne zveze Slovenije"},"content":{"rendered":"<div class=\"wpb-content-wrapper\"><p>[vc_row][vc_column][vc_empty_space height=&#8221;14&#8243;][vc_column_text css=&#8221;&#8221;]<\/p>\n<h4>Splo\u0161ni akti Gimnasti\u010dne zveze Slovenije:<\/h4>\n<ul>\n<li><a href=\"http:\/\/www.gimnasticna-zveza.si\/wp-content\/uploads\/2020\/09\/01_STATUT_GZS_2014.pdf\">Statut Gimnasti\u010dne zveze Slovenije<\/a>,<\/li>\n<li><a href=\"http:\/\/www.gimnasticna-zveza.si\/wp-content\/uploads\/2020\/12\/Poslovnik-o-delu-Skupscine-GZS.pdf\">Poslovnik o delu Skup\u0161\u010dine Gimnasti\u010dne zveze Slovenije<\/a>,<\/li>\n<li><a href=\"http:\/\/www.gimnasticna-zveza.si\/wp-content\/uploads\/2020\/12\/Poslovnik-o-delovanju-IO_090210.pdf\">Poslovnik o delu Izvr\u0161nega odbora Gimnasti\u010dne zveze Slovenije<\/a>,<\/li>\n<li><a href=\"https:\/\/www.gimnasticna-zveza.si\/wp-content\/uploads\/2026\/04\/Pravilnik_o_delovanju_NO_GZS.pdf\">Pravilnik o delu Nadzornega odbora Gimnasti\u010dne zveze Slovenije<\/a>,<\/li>\n<li><a href=\"https:\/\/www.gimnasticna-zveza.si\/wp-content\/uploads\/2026\/03\/Racunovodski-pravilnik-Gimnasticne-zveze-Slovenije.pdf\">Ra\u010dunovodski pravilnik Gimnasti\u010dne zveze Slovenije<\/a>,<\/li>\n<li><a href=\"http:\/\/www.gimnasticna-zveza.si\/wp-content\/uploads\/2020\/10\/Disciplinski_pravilnik_GZS.pdf\">Disciplinski pravilnik Gimnasti\u010dne zveze Slovenije<\/a>,<\/li>\n<li><a href=\"http:\/\/www.gimnasticna-zveza.si\/wp-content\/uploads\/2020\/10\/Pravilnik_o_vclanitvi_osvnovnih_organizacij_v_GZS.pdf\">Pravilnik o v\u010dlanitvi osnovnih organizacij v Gimnasti\u010dno zvezo Slovenije<\/a> (<a href=\"http:\/\/www.gimnasticna-zveza.si\/wp-content\/uploads\/2020\/10\/Priloga_k_Pravilniku_o_vclanitvi_OO_v_GZS_PRILOGA_10-A.pdf\">priloga \u0161t. 1<\/a>),<\/li>\n<li><a href=\"http:\/\/www.gimnasticna-zveza.si\/wp-content\/uploads\/2020\/10\/Pravilnik_o_varovanju_osebnih_podatkov_GZS.pdf\">Pravilnik o varstvu osebnih podatkov Gimnasti\u010dne zveze Slovenije<\/a>,<\/li>\n<li><a href=\"http:\/\/www.gimnasticna-zveza.si\/wp-content\/uploads\/2020\/10\/Pravilnik_o_financno_materialnem_poslovanju_GZS.pdf\">Pravilnik o finan\u010dno-materialnem poslovanju Gimnasti\u010dne zveze Slovenije<\/a>.<\/li>\n<\/ul>\n<h4>Akti, vezani na strokovno delovanje Gimnasti\u010dne zveze Slovenije:<\/h4>\n<ul>\n<li><a href=\"http:\/\/www.gimnasticna-zveza.si\/wp-content\/uploads\/2020\/12\/Pravilnik-o-reprezentantih-Gimnasticne-zveze-Slovenije.pdf\">Pravilnik o statusu dr\u017eavnega reprezentanta Gimnasti\u010dne zveze Slovenije<\/a>,<\/li>\n<li><a href=\"https:\/\/www.gimnasticna-zveza.si\/wp-content\/uploads\/2026\/04\/Pravilnik-o-sofinanciranju-individualnih-programov-marec-2026.pdf\">Pravilnik o sofinanciranju individualnih programov<\/a>,<\/li>\n<li><a style=\"background-color: #ffffff; letter-spacing: 0px;\" href=\"http:\/\/www.gimnasticna-zveza.si\/wp-content\/uploads\/2021\/01\/Registracijski_pravilnik__cistopis_marec2011.pdf\">Registracijski pravilnik Gimnasti\u010dne zveze Slovenije,<\/a><\/li>\n<li><a href=\"http:\/\/www.gimnasticna-zveza.si\/wp-content\/uploads\/2021\/05\/Pravilnik_o_usposabljanju_in_licenciranju_junij_2013-1.pdf\">Pravilnik o usposabljanju in licenciranju strokovnih kadrov<\/a>.<\/li>\n<\/ul>\n<p>Strokovne pravilnike lahko najdete na podstrani <a href=\"http:\/\/www.gimnasticna-zveza.si\/index.php\/sodniska-dejavnost\/\">Sodni\u0161ka dejavnost<\/a>.[\/vc_column_text][\/vc_column][\/vc_row][vc_row][vc_column][vc_column_text css=&#8221;&#8221;]<\/p>\n<h4><strong>Veljavno potrjeni tekmovalni sistemi<\/strong><\/h4>\n<p>Za tekmovalno sezono 2026 (obdobje 1. 1. 2026 &#8211; 31. 12. 2026) so bili s strani Olimpijskega komiteja Slovenije &#8211; zdru\u017eenja \u0161portnih zvez uradno potrjeni slede\u010di tekmvalni sistemi:<\/p>\n<ul>\n<li><a href=\"https:\/\/www.gimnasticna-zveza.si\/wp-content\/uploads\/2026\/04\/Tekmovalni-sistem_SG_2026.pdf\">gimnastika &#8211; \u0161portna<\/a> (mo\u0161ka \u0161portna gimnastika in \u017eenska \u0161portna gimnastika),<\/li>\n<li><a href=\"https:\/\/www.gimnasticna-zveza.si\/wp-content\/uploads\/2026\/04\/Tekmovalni-sistem_RG_2026.pdf\">gimnastika &#8211; ritmi\u010dna<\/a>,<\/li>\n<li><a href=\"https:\/\/www.gimnasticna-zveza.si\/wp-content\/uploads\/2026\/04\/Tekmovalni-sistem_PP_2026.pdf\">gimnastika &#8211; pro\u017ena ponjava<\/a>.<\/li>\n<\/ul>\n<h4><strong>Veljavno potrjeni programi usposabljanja po Z\u0160po-1<\/strong><\/h4>\n<p>Gimnasti\u010dna zveza Slovenije ima \u0161est veljavno potrjenih usposabljanj, strokovni delavec 1 in strokovni delavec 2 za tri panoge:<\/p>\n<ul>\n<li><a href=\"https:\/\/www.gimnasticna-zveza.si\/wp-content\/uploads\/2026\/04\/SD_SG_01.pdf\">Strokovni delavec 1, \u0161portno treniranje, gimnastika \u2013 \u0161portna<\/a>,<\/li>\n<li><a href=\"https:\/\/www.gimnasticna-zveza.si\/wp-content\/uploads\/2026\/04\/SD_RG_01.pdf\">Strokovni delavec 1, \u0161portno treniranje, gimnastika \u2013 ritmi\u010dna<\/a>,<\/li>\n<li><a href=\"https:\/\/www.gimnasticna-zveza.si\/wp-content\/uploads\/2026\/04\/SD_PP_01.pdf\">Strokovni delavec 1, \u0161portno treniranje, gimnastika \u2013 pro\u017ena ponjava<\/a>,<\/li>\n<li><a href=\"https:\/\/www.gimnasticna-zveza.si\/wp-content\/uploads\/2026\/04\/SD_SG_02.pdf\">Strokovni delavec 2, \u0161portno treniranje, gimnastika \u2013 \u0161portna<\/a>,<\/li>\n<li><a href=\"https:\/\/www.gimnasticna-zveza.si\/wp-content\/uploads\/2026\/04\/SD_RG_02.pdf\">Strokovni delavec 2, \u0161portno treniranje, gimnastika \u2013 ritmi\u010dna<\/a>,<\/li>\n<li><a href=\"https:\/\/www.gimnasticna-zveza.si\/wp-content\/uploads\/2026\/04\/SD_PP_02.pdf\">Strokovni delavec 2, \u0161portno treniranje, gimnastika \u2013 pro\u017ena ponjava<\/a>.<\/li>\n<\/ul>\n<p>Vsi veljajo od 21. 6. 2019 naprej. Usposabljanja so obi\u010dajno razpisana v septembru.[\/vc_column_text][\/vc_column][\/vc_row]<\/p>\n<\/div>","protected":false},"excerpt":{"rendered":"<p>[vc_row][vc_column][vc_empty_space height=&#8221;14&#8243;][vc_column_text css=&#8221;&#8221;] Splo\u0161ni akti Gimnasti\u010dne zveze Slovenije: Statut Gimnasti\u010dne<span class=\"excerpt-hellip\"> [\u2026]<\/span><\/p>\n","protected":false},"author":3,"featured_media":-1,"parent":0,"menu_order":0,"comment_status":"closed","ping_status":"closed","template":"","meta":{"_monsterinsights_skip_tracking":false,"_monsterinsights_sitenote_active":false,"_monsterinsights_sitenote_note":"","_monsterinsights_sitenote_category":0,"footnotes":""},"class_list":["post-448","page","type-page","status-publish","has-post-thumbnail","hentry"],"_links":{"self":[{"href":"https:\/\/gimnasticna-zveza.si\/index.php\/wp-json\/wp\/v2\/pages\/448","targetHints":{"allow":["GET"]}}],"collection":[{"href":"https:\/\/gimnasticna-zveza.si\/index.php\/wp-json\/wp\/v2\/pages"}],"about":[{"href":"https:\/\/gimnasticna-zveza.si\/index.php\/wp-json\/wp\/v2\/types\/page"}],"author":[{"embeddable":true,"href":"https:\/\/gimnasticna-zveza.si\/index.php\/wp-json\/wp\/v2\/users\/3"}],"replies":[{"embeddable":true,"href":"https:\/\/gimnasticna-zveza.si\/index.php\/wp-json\/wp\/v2\/comments?post=448"}],"version-history":[{"count":50,"href":"https:\/\/gimnasticna-zveza.si\/index.php\/wp-json\/wp\/v2\/pages\/448\/revisions"}],"predecessor-version":[{"id":9240,"href":"https:\/\/gimnasticna-zveza.si\/index.php\/wp-json\/wp\/v2\/pages\/448\/revisions\/9240"}],"wp:featuredmedia":[{"embeddable":true,"href":"https:\/\/gimnasticna-zveza.si\/index.php\/wp-json\/"}],"wp:attachment":[{"href":"https:\/\/gimnasticna-zveza.si\/index.php\/wp-json\/wp\/v2\/media?parent=448"}],"curies":[{"name":"wp","href":"https:\/\/api.w.org\/{rel}","templated":true}]}}