{"id":2012,"date":"2021-02-08T11:25:44","date_gmt":"2021-02-08T09:25:44","guid":{"rendered":"http:\/\/www.gimnasticna-zveza.si\/?page_id=2012"},"modified":"2021-02-08T11:34:41","modified_gmt":"2021-02-08T09:34:41","slug":"izjava-o-zasebnosti","status":"publish","type":"page","link":"https:\/\/gimnasticna-zveza.si\/index.php\/izjava-o-zasebnosti\/","title":{"rendered":"Izjava o zasebnosti"},"content":{"rendered":"<div class=\"wpb-content-wrapper\">\t\t<div data-elementor-type=\"wp-page\" data-elementor-id=\"2012\" class=\"elementor elementor-2012\" data-elementor-post-type=\"page\">\n\t\t\t\t\t\t<section class=\"elementor-section elementor-top-section elementor-element elementor-element-11f0f75 elementor-section-boxed elementor-section-height-default elementor-section-height-default\" data-id=\"11f0f75\" data-element_type=\"section\" data-e-type=\"section\">\n\t\t\t\t\t\t<div class=\"elementor-container elementor-column-gap-default\">\n\t\t\t\t\t<div class=\"elementor-column elementor-col-100 elementor-top-column elementor-element elementor-element-b2fd4fa\" data-id=\"b2fd4fa\" data-element_type=\"column\" data-e-type=\"column\">\n\t\t\t<div class=\"elementor-widget-wrap elementor-element-populated\">\n\t\t\t\t\t\t<div class=\"elementor-element elementor-element-bdac0b7 elementor-widget elementor-widget-text-editor\" data-id=\"bdac0b7\" data-element_type=\"widget\" data-e-type=\"widget\" data-widget_type=\"text-editor.default\">\n\t\t\t\t<div class=\"elementor-widget-container\">\n\t\t\t\t\t\t\t\t\t<div class=\"section the_content has_content\"><div class=\"section_wrapper\"><div class=\"the_content_wrapper \"><div class=\"vc_row wpb_row vc_row-fluid\"><div class=\"wpb_column vc_column_container vc_col-sm-12\"><div class=\"vc_column-inner\"><div class=\"wpb_wrapper\"><div class=\"wpb_text_column wpb_content_element \"><div class=\"wpb_wrapper\"><h4><strong>IZJAVA O ZASEBNOSTI V GIMNASTI\u010cNI ZAVEZI SLOVENIJE<\/strong><\/h4><p><strong>\u00a0<\/strong><\/p><p><strong>Ta izjava o zasebnosti velja od 22. maja 2018.<\/strong><\/p><p>Pri GIMNASTI\u010cNI ZEVZI SLOVENIJE upo\u0161tevamo pomen za\u0161\u010dite va\u0161ih osebnih podatkov in smo zavezani, da jih obdelujemo odgovorno in v skladu z veljavno zakonodajo za varstvo podatkov.<\/p><p>Ta izjava o zasebnosti opredeljuje na\u010dine zbiranja va\u0161ih osebnih podatkov, namene za katere jih zbiramo, varnostne ukrepe, s katerimi jih varujemo, osebe, s katerimi jih delimo ter va\u0161e pravice v zvezi z varstvom osebnih podatkov.<\/p><p><strong>Zakaj in kako zbiramo in uporabljamo va\u0161e osebne podatke<\/strong><\/p><p>Va\u0161e osebne podatke kot posameznika lahko zbiramo za razli\u010dne namene, na primer za naslednje:<\/p><ul><li><strong>Dostop do spletnih mest in uporaba spletnih mest ali drugih spletnih storitev<\/strong><br \/>Ko obi\u0161\u010dete eno od na\u0161ih spletnih mest ali uporabljate spletno storitev, zabele\u017eimo podatke, ki so nujni, da vam omogo\u010dimo dostop, za upravljanje spletnega mesta in da lahko izpolnimo varnostne in pravne zahteve v zvezi z upravljanjem na\u0161ega spletnega mesta, kot so gesla, naslov IP in nastavitve brskalnika. Prav tako zbiramo podatke o va\u0161ih dejavnostih med obiskom z namenom personalizacije va\u0161e izku\u0161nje spletnega mesta, kot so bele\u017eenje va\u0161ih preferenc in nastavitev ter zbiranje statistike, da la\u017eje izbolj\u0161ujemo in nadalje razvijamo na\u0161a spletna mesta, izdelke in storitve.<\/li><li><strong>Odziv na va\u0161e zahteve po informacijah, na naro\u010dila ali zahteve za podporo<\/strong><br \/>Ko se obrnete na nas (s povezavo ali brez povezave) v zvezi z zahtevami po informacijah, naro\u010dilom izdelka ali storitve, zagotavljanjem podpore, zbiramo podatke, ki so nujni za izpolnitev va\u0161e zahteve, za dodelitev dostopa do izdelka ali storitve, za zagotavljanje podpore in mo\u017enost stika z vami. Zbiramo na primer va\u0161e ime in kontaktne informacije, podrobnosti o va\u0161i zahtevi in va\u0161em strinjanju z na\u0161imi pogoji ter podatke o izpolnitvi in zara\u010dunavanju va\u0161ega naro\u010dila, vklju\u010dimo pa lahko tudi informacije iz ankete o zadovoljstvu naro\u010dnika. Tak\u0161ne informacije obdr\u017eimo za administrativne namene, za obrambo na\u0161ih pravic in v zvezi z na\u0161im razmerjem z vami.<\/li><\/ul><ul><li><strong>Vzpostavljanje stika z na\u0161imi naro\u010dniki, potencialnimi naro\u010dniki, partnerji in dobavitelji<\/strong><br \/>V na\u0161ih razmerjih z naro\u010dniki ali potencialnimi naro\u010dniki, partnerji in dobavitelji nam ti zagotavljajo tudi poslovne kontaktne informacije (kot so ime, podrobnosti o poslovnem kontaktu, polo\u017eaju ali nazivu njihovih zaposlenih, pogodbenikov, svetovalcev in poobla\u0161\u010denih uporabnikov) za namene, kot so upravljanje pogodb, izpolnjevanje naro\u010dil, nudenje podpore, zara\u010dunavanje in upravljanje storitev ali razmerja.<\/li><li><strong>Podatki o obiskovalcih<\/strong><\/li><\/ul><p>Posameznike, ki obiskujejo na\u0161e poslovne prostore, registriramo (ime, identifikacija in poslovne kontaktne informacije) zaradi varnosti in za\u0161\u010dite oseb in osebne lastnine.<\/p><ul><li><strong>Tr\u017eenje<\/strong><br \/>Ve\u010dina podatkov, ki jih zbiramo o vas, izhaja iz na\u0161ih neposrednih interakcij z vami. Kjer navajamo, da uporabljamo va\u0161e osebne podatke v zvezi z zahtevo, naro\u010dilom, transakcijo ali pogodbo (ali za njihovo pripravo) ali da vam zagotovimo zahtevane storitve (na primer spletno mesto), to po\u010dnemo, ker je to nujno za izpolnjevanje pogodbe z vami.<\/li><\/ul><p>Kjer navajamo, da uporabljamo va\u0161e osebne podatke v zvezi s tr\u017eenjem, izbolj\u0161evanjem ali razvojem na\u0161ih izdelkov in storitev, zaradi varnosti in za\u0161\u010dite ali zakonskih zahtev, ki niso v zvezi z va\u0161o pogodbo ali zahtevo, to po\u010dnemo na podlagi svojih legitimnih interesov ali z va\u0161im soglasjem.<\/p><p><strong>\u00a0<\/strong><\/p><p><strong>Skupna raba osebnih podatkov<\/strong><\/p><p>Kjer je to primerno, lahko GIMNASTI\u010cNA ZVEZA tudi deli va\u0161e osebne podatke z izbranimi partnerji, da vam ali podjetju, za katero delate, la\u017eje zagotovi storitve ali da izpolni va\u0161e zahteve ali jih deli z va\u0161im soglasjem. Ko izbiramo svoje dobavitelje in partnerje, upo\u0161tevamo njihove postopke ravnanja s podatki.<\/p><p>Prosimo, upo\u0161tevajte, da so v dolo\u010denih okoli\u0161\u010dinah osebni podatki lahko predmet razkritja dr\u017eavnim organom na podlagi sodnega postopka, sodnega naloga ali drugega pravnega postopka. Va\u0161e osebne podatke lahko zaradi za\u0161\u010dite pravic ali premo\u017eenja GIMNASTI\u010cNA ZVEZA SLOVENIJE \u00a0tudi delimo s svojimi poslovnimi partnerji, dobavitelji ali naro\u010dniki in drugimi, kadar utemeljeno verjamemo, da so bile tak\u0161ne pravice ali premo\u017eenje prizadete ali da bi lahko bile.<\/p><p><strong>Varnost in to\u010dnost podatkov<\/strong><\/p><p>Na\u0161 namen je za\u0161\u010dititi va\u0161e osebne podatke in vzdr\u017eevati njihovo to\u010dnost. GIMNASTI\u010cNA ZVEZA SLOVENIJE izvaja primerne fizi\u010dne, administrativne in tehni\u010dne varovalne ukrepe, ki pomagajo za\u0161\u010dititi va\u0161e osebne podatke pred nepoobla\u0161\u010denim dostopom, uporabo in razkritjem z naslednjimi ukrepi:<\/p><ul><li>redno in u\u010dinkovito posodabljanje programske in ra\u010dunalni\u0161ke opreme, kjer shranjujemo va\u0161e osebne podatke,<\/li><li>varovanje dostopov do osebnih podatkov,<\/li><li>izdelave varnostnih kopij,<\/li><li>izobra\u017eenost zaposlenih, ki pri delu obdelujejo osebne podatke,<\/li><li>informirano in skrbno delovanje pri izbiri obdelovalcev va\u0161ih osebnih podatkov,<\/li><li>vr\u0161enje nadzora nad zaposlenimi in drugimi obdelovalci va\u0161ih osebnih podatkov, vklju\u010dno z izvedbo revizij,<\/li><li>nadzor in ustrezno ukrepanje ob morebitnih varnostnih incidentih, s katerimi prepre\u010dujemo ali zamejimo nastanek \u0161kode za osebne podatke.<\/li><\/ul><p>Prav tako zahtevamo, da na\u0161i dobavitelji za\u0161\u010ditijo take podatke pred nepoobla\u0161\u010denim dostopom, rabo in razkritjem.<\/p><p><strong>Obdobje hrambe<\/strong><\/p><p>Osebnih podatkov ne bomo hranili dlje, kot je to nujno za izpolnjevanje namenov njihove obdelave, vklju\u010dno z varnostjo na\u0161e obdelave v skladu z zakonodajnimi obveznostmi (npr. roki hrambe v zvezi z revizijo, knjigovodstvom in zakonsko predpisanimi obveznostmi), ravnanjem v sporih ter za postavljanje, uveljavljanje ali obrambo pred pravnimi zahtevki.<\/p><p><strong>Kako stopiti v stik z nami<\/strong><\/p><p>\u010ce imate vpra\u0161anja v zvezi s to izjavo o zasebnosti, se obrnite na nas preko elektronske po\u0161te <a href=\"mailto:info@gimnasticna-zveza.si\">info@gimnasticna-zveza.si<\/a><\/p><p><strong>Va\u0161e pravice<\/strong><\/p><p>Zahtevate lahko dostop do svojih osebnih podatkov, njihovo posodobitev ali popravek.<\/p><p>Morda imate tudi dodatne pravice v skladu z zakonodajo, ki velja za obdelavo. \u010ce na primer obdelavo va\u0161ih osebnih podatkov ureja Splo\u0161na uredba o varstvu podatkov EU (\u201cGDPR\u201d) in se osebni podatki obdelujejo na podlagi legitimnih interesov, imate pravico ugovarjati obdelavi na podlagi svojega posebnega polo\u017eaja. Na podlagi GDPR imate tudi pravico zahtevati brisanje svojih osebnih podatkov ali omejitev dostopa do njih ter zahtevati njihovo prenosljivost.<\/p><p><strong>Pravica do vlo\u017eitve prito\u017ebe<\/strong><\/p><p>\u010ce menite, da obdelava va\u0161ih osebnih podatkov ni skladna z veljavnimi zakoni o varstvu podatkov, lahko vlo\u017eite prito\u017ebo neposredno pri GIMNASTI\u010cNA ZVEZA SLOVENIJE\u00a0preko elektronske po\u0161te <a href=\"mailto:info@gimnasticna-zveza.si\">info@gimnasticna-zveza.si<\/a><\/p><p>GIMNASTI\u010cNA ZVEZA SLOVENIJE bo v primeru ugotovitve kr\u0161itve varstva osebnih podatkov, o vsaki tak\u0161ni kr\u0161itvi, brez odla\u0161anja, obvestil pristojni nadzorni organ. Pristojni nadzorni organ v Republiki Sloveniji predstavlja informacijski poobla\u0161\u010denec.<\/p><p><strong>Spremembe v na\u0161i izjavi o zasebnosti<\/strong><\/p><p>Ob\u010dasno lahko to izjavo o zasebnosti, kakor tudi vsako drugo posebno izjavo o zasebnosti, posodobimo. Ko v tej izjavi o zasebnosti izvedemo spremembe, dodamo na vrhu izjave nov datum.<\/p><\/div><\/div><\/div><\/div><\/div><\/div><\/div><\/div><\/div><div class=\"section section-page-footer\"><div class=\"section_wrapper clearfix\">\u00a0<\/div><\/div>\t\t\t\t\t\t\t\t<\/div>\n\t\t\t\t<\/div>\n\t\t\t\t\t<\/div>\n\t\t<\/div>\n\t\t\t\t\t<\/div>\n\t\t<\/section>\n\t\t\t\t<\/div>\n\t\t<\/div>","protected":false},"excerpt":{"rendered":"<p>IZJAVA O ZASEBNOSTI V GIMNASTI\u010cNI ZAVEZI SLOVENIJE \u00a0 Ta izjava<span class=\"excerpt-hellip\"> [\u2026]<\/span><\/p>\n","protected":false},"author":1,"featured_media":0,"parent":0,"menu_order":0,"comment_status":"closed","ping_status":"closed","template":"","meta":{"_monsterinsights_skip_tracking":false,"_monsterinsights_sitenote_active":false,"_monsterinsights_sitenote_note":"","_monsterinsights_sitenote_category":0,"footnotes":""},"class_list":["post-2012","page","type-page","status-publish","hentry"],"_links":{"self":[{"href":"https:\/\/gimnasticna-zveza.si\/index.php\/wp-json\/wp\/v2\/pages\/2012","targetHints":{"allow":["GET"]}}],"collection":[{"href":"https:\/\/gimnasticna-zveza.si\/index.php\/wp-json\/wp\/v2\/pages"}],"about":[{"href":"https:\/\/gimnasticna-zveza.si\/index.php\/wp-json\/wp\/v2\/types\/page"}],"author":[{"embeddable":true,"href":"https:\/\/gimnasticna-zveza.si\/index.php\/wp-json\/wp\/v2\/users\/1"}],"replies":[{"embeddable":true,"href":"https:\/\/gimnasticna-zveza.si\/index.php\/wp-json\/wp\/v2\/comments?post=2012"}],"version-history":[{"count":22,"href":"https:\/\/gimnasticna-zveza.si\/index.php\/wp-json\/wp\/v2\/pages\/2012\/revisions"}],"predecessor-version":[{"id":2034,"href":"https:\/\/gimnasticna-zveza.si\/index.php\/wp-json\/wp\/v2\/pages\/2012\/revisions\/2034"}],"wp:attachment":[{"href":"https:\/\/gimnasticna-zveza.si\/index.php\/wp-json\/wp\/v2\/media?parent=2012"}],"curies":[{"name":"wp","href":"https:\/\/api.w.org\/{rel}","templated":true}]}}