{"id":1668,"date":"2020-12-29T15:15:45","date_gmt":"2020-12-29T13:15:45","guid":{"rendered":"http:\/\/www.gimnasticna-zveza.si\/?page_id=1668"},"modified":"2021-08-17T10:19:10","modified_gmt":"2021-08-17T08:19:10","slug":"baza-za-uspeh","status":"publish","type":"page","link":"https:\/\/gimnasticna-zveza.si\/index.php\/baza-za-uspeh\/","title":{"rendered":"Baza za uspeh"},"content":{"rendered":"\t\t<div data-elementor-type=\"wp-page\" data-elementor-id=\"1668\" class=\"elementor elementor-1668\" data-elementor-post-type=\"page\">\n\t\t\t\t\t\t<section class=\"elementor-section elementor-top-section elementor-element elementor-element-60d2fab elementor-section-boxed elementor-section-height-default elementor-section-height-default\" data-id=\"60d2fab\" data-element_type=\"section\" data-e-type=\"section\">\n\t\t\t\t\t\t<div class=\"elementor-container elementor-column-gap-default\">\n\t\t\t\t\t<div class=\"elementor-column elementor-col-100 elementor-top-column elementor-element elementor-element-aa431ef\" data-id=\"aa431ef\" data-element_type=\"column\" data-e-type=\"column\">\n\t\t\t<div class=\"elementor-widget-wrap elementor-element-populated\">\n\t\t\t\t\t\t<div class=\"elementor-element elementor-element-6407abe elementor-widget elementor-widget-spacer\" data-id=\"6407abe\" data-element_type=\"widget\" data-e-type=\"widget\" data-widget_type=\"spacer.default\">\n\t\t\t\t<div class=\"elementor-widget-container\">\n\t\t\t\t\t\t\t<div class=\"elementor-spacer\">\n\t\t\t<div class=\"elementor-spacer-inner\"><\/div>\n\t\t<\/div>\n\t\t\t\t\t\t<\/div>\n\t\t\t\t<\/div>\n\t\t\t\t\t<\/div>\n\t\t<\/div>\n\t\t\t\t\t<\/div>\n\t\t<\/section>\n\t\t\t\t<section class=\"elementor-section elementor-top-section elementor-element elementor-element-87cfd48 elementor-section-boxed elementor-section-height-default elementor-section-height-default\" data-id=\"87cfd48\" data-element_type=\"section\" data-e-type=\"section\">\n\t\t\t\t\t\t<div class=\"elementor-container elementor-column-gap-default\">\n\t\t\t\t\t<div class=\"elementor-column elementor-col-100 elementor-top-column elementor-element elementor-element-d28227b\" data-id=\"d28227b\" data-element_type=\"column\" data-e-type=\"column\">\n\t\t\t<div class=\"elementor-widget-wrap elementor-element-populated\">\n\t\t\t\t\t\t<div class=\"elementor-element elementor-element-1c6caa9 elementor-widget elementor-widget-heading\" data-id=\"1c6caa9\" data-element_type=\"widget\" data-e-type=\"widget\" data-widget_type=\"heading.default\">\n\t\t\t\t<div class=\"elementor-widget-container\">\n\t\t\t\t\t<h4 class=\"elementor-heading-title elementor-size-default\">Baza za uspeh<\/h4>\t\t\t\t<\/div>\n\t\t\t\t<\/div>\n\t\t\t\t\t<\/div>\n\t\t<\/div>\n\t\t\t\t\t<\/div>\n\t\t<\/section>\n\t\t\t\t<section class=\"elementor-section elementor-top-section elementor-element elementor-element-f921ea2 elementor-section-boxed elementor-section-height-default elementor-section-height-default\" data-id=\"f921ea2\" data-element_type=\"section\" data-e-type=\"section\">\n\t\t\t\t\t\t<div class=\"elementor-container elementor-column-gap-default\">\n\t\t\t\t\t<div class=\"elementor-column elementor-col-100 elementor-top-column elementor-element elementor-element-4f361e4\" data-id=\"4f361e4\" data-element_type=\"column\" data-e-type=\"column\">\n\t\t\t<div class=\"elementor-widget-wrap elementor-element-populated\">\n\t\t\t\t\t\t<div class=\"elementor-element elementor-element-88d71c7 elementor-widget elementor-widget-text-editor\" data-id=\"88d71c7\" data-element_type=\"widget\" data-e-type=\"widget\" data-widget_type=\"text-editor.default\">\n\t\t\t\t<div class=\"elementor-widget-container\">\n\t\t\t\t\t\t\t\t\t<p><strong>Gimnasti\u010dna zveze Slovenije<\/strong>\u00a0in\u00a0<strong>Plavalna zveza Slovenije<\/strong>\u00a0sta kot nosilki oktobra 2020 za\u010dela z izvajanjem pilotnega projekta \u00bbBaza za uspeh\u00ab.\u00a0<span style=\"letter-spacing: 0px;\">Projekt v ve\u010d razli\u010dicah naslavlja ve\u010d razli\u010dnih dele\u017enikov, vendar pa v obliki, ki se je za\u010dela izvajati oktobra 2020, naslavlja predvsem izvajanje vadbe otrok v klubih.<\/span><\/p><p>Ta del projekta predstavlja celovito vadbo otrok, kjer se ti preko ene vstopne to\u010dke ukvarjajo z vsemi tremi \u0161porti in tako pridobijo celovit fizi\u010dni razvoj v sodelovanju treh razli\u010dnih klubov, ki se na kakovostni ravni ukvarjajo vsak s svojim \u0161portom. Obenem projekt naslavlja tudi probleme, katere je Fakulteta za \u0161port Univerze v Ljubljani izpostavila na novinarski konferenci 22. septembra 2020, torej telesni in gibalni razvoj otrok.<\/p><p>Trenutno sta oblikovani dve ekipi, ki bosta izvajali pilotni test projekta, ljubljanska in mariborska ekipa. Ljubljansko ekipo sestavljajo\u00a0<strong>AK Olimpija<\/strong>,\u00a0<strong>\u0160D Narodni dom<\/strong>\u00a0in\u00a0<strong>PK Olimpija<\/strong>, medtem ko mariborsko sestavljajo\u00a0<strong>AD \u0160tajerska<\/strong>,\u00a0<strong>\u0160D Studenci<\/strong>\u00a0in\u00a0<strong>PK Branik<\/strong>. Omenjeni klubi so bili povabljeni k sodelovanju s strani Gimnasti\u010dne zveze Slovenije, ki je izrazila veliko \u017eeljo po uspe\u0161ni izvedbi pilotnega projekta.<\/p><p>Izvajanje vadbe je zaradi veljavnih ukrepov, povezanih s prepre\u010devanjem \u0161irjenja Covid-19 epidemije, trenutno ustavljeno in se bo nadaljevalo takoj, ko nam bodo okoli\u0161\u010dine to omogo\u010dale.<\/p><h5><strong>Ve\u010d o projektu<\/strong><\/h5><p>Projekt se v pilotni sezoni 2021\/2022 izvaja v Ljubljani in Mariboru. Vadbo izvajajo usposobljeni oz. izobra\u017eeni \u0161portni delavci, ki medsebojno koordinirajo potek vadbe, da je ta lahko optimalna za vse udele\u017eence. Izvajanje vadbe se bo za\u010delo v v sredini meseca septembra 2021. Zaradi aktualnih razmer in specifik \u0161portov je velikost vadbene skupine omejeno na 8 otrok.<\/p><h5><strong>Pogoji za vpis:<\/strong><\/h5><ul><li>v vadbo se v leto\u0161njem letu, ko se projekt pilotno izvaja, lahko vklju\u010dijo otroci, rojeni v letih 2015 (mlaj\u0161a skupina) in 2014 (starej\u0161a skupina),<\/li><li>otroci morajo imeti plavalni predznanje. Neplavalcem svetujemo vpis v plavalni te\u010daj v leto\u0161njem letu in vpis v program v prihodnjem letu.<\/li><\/ul>\t\t\t\t\t\t\t\t<\/div>\n\t\t\t\t<\/div>\n\t\t\t\t\t<\/div>\n\t\t<\/div>\n\t\t\t\t\t<\/div>\n\t\t<\/section>\n\t\t\t\t<section class=\"elementor-section elementor-top-section elementor-element elementor-element-f4a55ca elementor-section-boxed elementor-section-height-default elementor-section-height-default\" data-id=\"f4a55ca\" data-element_type=\"section\" data-e-type=\"section\">\n\t\t\t\t\t\t<div class=\"elementor-container elementor-column-gap-default\">\n\t\t\t\t\t<div class=\"elementor-column elementor-col-50 elementor-top-column elementor-element elementor-element-0d03d80\" data-id=\"0d03d80\" data-element_type=\"column\" data-e-type=\"column\">\n\t\t\t<div class=\"elementor-widget-wrap elementor-element-populated\">\n\t\t\t\t\t\t<div class=\"elementor-element elementor-element-1660aff elementor-widget elementor-widget-text-editor\" data-id=\"1660aff\" data-element_type=\"widget\" data-e-type=\"widget\" data-widget_type=\"text-editor.default\">\n\t\t\t\t<div class=\"elementor-widget-container\">\n\t\t\t\t\t\t\t\t\t<h5><strong>Ljubljanska Baza za uspeh:<\/strong><\/h5><ul><li>Atletski klub Olimpija,<\/li><li>\u0160portno dru\u0161tvo Narodni dom,<\/li><li>Plavalni klub Olimpija.<\/li><\/ul><p>Prijave so mogo\u010de na elektronski naslov:\u00a0<a>info@atletski-klub-olimpija.si<\/a><br \/>Kontakt za dodatne informacije: g. Gregor Grad<\/p><p>Urnik, lokacija in cena vadbe bodo objavljeni na spletni strani\u00a0<a href=\"http:\/\/atletski-klub-olimpija.si\/\">Atletskega kluba Olimpija<\/a>.<\/p>\t\t\t\t\t\t\t\t<\/div>\n\t\t\t\t<\/div>\n\t\t\t\t\t<\/div>\n\t\t<\/div>\n\t\t\t\t<div class=\"elementor-column elementor-col-50 elementor-top-column elementor-element elementor-element-e45ca63\" data-id=\"e45ca63\" data-element_type=\"column\" data-e-type=\"column\">\n\t\t\t<div class=\"elementor-widget-wrap elementor-element-populated\">\n\t\t\t\t\t\t<div class=\"elementor-element elementor-element-137d036 elementor-widget elementor-widget-text-editor\" data-id=\"137d036\" data-element_type=\"widget\" data-e-type=\"widget\" data-widget_type=\"text-editor.default\">\n\t\t\t\t<div class=\"elementor-widget-container\">\n\t\t\t\t\t\t\t\t\t<h5><strong>Mariborska Baza za uspeh:<\/strong><\/h5><ul><li>Atletsko dru\u0161tvo \u0160tajerska,<\/li><li>\u0160portno dru\u0161tvo Studenci,<\/li><li>Plavalni klub Branik.<\/li><\/ul><p>Prijave so mogo\u010de na elektronski naslov:\u00a0<a>info@sd-studenci.com<\/a><br \/>Kontakt za dodatne informacije: g. Aleksander \u0160ajn<\/p><p>Urnik, lokacija in cena vadbe bodo objavljeni na spletni strani\u00a0<a href=\"http:\/\/www.sd-studenci.com\/\">\u0160portnega dru\u0161tva Studenci<\/a>.<\/p>\t\t\t\t\t\t\t\t<\/div>\n\t\t\t\t<\/div>\n\t\t\t\t\t<\/div>\n\t\t<\/div>\n\t\t\t\t\t<\/div>\n\t\t<\/section>\n\t\t\t\t<section class=\"elementor-section elementor-top-section elementor-element elementor-element-dd6b920 elementor-section-boxed elementor-section-height-default elementor-section-height-default\" data-id=\"dd6b920\" data-element_type=\"section\" data-e-type=\"section\">\n\t\t\t\t\t\t<div class=\"elementor-container elementor-column-gap-default\">\n\t\t\t\t\t<div class=\"elementor-column elementor-col-100 elementor-top-column elementor-element elementor-element-9d37bea\" data-id=\"9d37bea\" data-element_type=\"column\" data-e-type=\"column\">\n\t\t\t<div class=\"elementor-widget-wrap elementor-element-populated\">\n\t\t\t\t\t\t<div class=\"elementor-element elementor-element-79ec507 elementor-widget elementor-widget-text-editor\" data-id=\"79ec507\" data-element_type=\"widget\" data-e-type=\"widget\" data-widget_type=\"text-editor.default\">\n\t\t\t\t<div class=\"elementor-widget-container\">\n\t\t\t\t\t\t\t\t\t<p>Za ve\u010d informacij smo na voljo tudi na\u00a0<a>info@gimnasticna-zveza.si<\/a>.<\/p>\t\t\t\t\t\t\t\t<\/div>\n\t\t\t\t<\/div>\n\t\t\t\t\t<\/div>\n\t\t<\/div>\n\t\t\t\t\t<\/div>\n\t\t<\/section>\n\t\t\t\t<\/div>\n\t\t","protected":false},"excerpt":{"rendered":"<p>Baza za uspeh Gimnasti\u010dna zveze Slovenije\u00a0in\u00a0Plavalna zveza Slovenije\u00a0sta kot nosilki<span class=\"excerpt-hellip\"> [\u2026]<\/span><\/p>\n","protected":false},"author":3,"featured_media":0,"parent":0,"menu_order":0,"comment_status":"closed","ping_status":"closed","template":"","meta":{"_monsterinsights_skip_tracking":false,"_monsterinsights_sitenote_active":false,"_monsterinsights_sitenote_note":"","_monsterinsights_sitenote_category":0,"footnotes":""},"class_list":["post-1668","page","type-page","status-publish","hentry"],"_links":{"self":[{"href":"https:\/\/gimnasticna-zveza.si\/index.php\/wp-json\/wp\/v2\/pages\/1668","targetHints":{"allow":["GET"]}}],"collection":[{"href":"https:\/\/gimnasticna-zveza.si\/index.php\/wp-json\/wp\/v2\/pages"}],"about":[{"href":"https:\/\/gimnasticna-zveza.si\/index.php\/wp-json\/wp\/v2\/types\/page"}],"author":[{"embeddable":true,"href":"https:\/\/gimnasticna-zveza.si\/index.php\/wp-json\/wp\/v2\/users\/3"}],"replies":[{"embeddable":true,"href":"https:\/\/gimnasticna-zveza.si\/index.php\/wp-json\/wp\/v2\/comments?post=1668"}],"version-history":[{"count":16,"href":"https:\/\/gimnasticna-zveza.si\/index.php\/wp-json\/wp\/v2\/pages\/1668\/revisions"}],"predecessor-version":[{"id":2937,"href":"https:\/\/gimnasticna-zveza.si\/index.php\/wp-json\/wp\/v2\/pages\/1668\/revisions\/2937"}],"wp:attachment":[{"href":"https:\/\/gimnasticna-zveza.si\/index.php\/wp-json\/wp\/v2\/media?parent=1668"}],"curies":[{"name":"wp","href":"https:\/\/api.w.org\/{rel}","templated":true}]}}